94. Let m = a - 225. Calculate the remainder when 26 is divided by m.
2
Suppose -2*f - 206 = 2*f - 586. What is the remainder when 572 is divided by f?
2
Let x(n) = n**2 + 7*n - 27. Let y(j) = -j**3 - 9*j**2 + 7. Let h be y(-9). Let w be x(h). Let m = w + -57. Calculate the remainder when 25 is divided by m.
11
Suppose 69*k - 15208 = 386. Calculate the remainder when 346 is divided by k.
120
Suppose 8*p + 5*j + 420 = 12*p, 0 = 5*p + j - 554. Calculate the remainder when p is divided by 40.
30
Suppose -201*i - 101 = -t - 199*i, i + 205 = 2*t. What is the remainder when 130 is divided by t?
27
Suppose -393 = -56*g + 109*g + 78*g. Let f(c) be the second derivative of c**4/12 - 3*c**2/2 - c. Calculate the remainder when 17 is divided by f(g).
5
Suppose 5*g = -2*s + 543, 2*s + 14 - 22 = 0. Calculate the remainder when 397 is divided by g.
76
Suppose -5*z - 64 = -4*a - z, -3*z = 3*a - 42. Let c be ((-12)/20)/(-3) - (-12)/a. What is the remainder when 114 is divided by c*27 + (5 - 3)?
27
Suppose -88*p - 573332 + 2114883 = 265*p. What is the remainder when p is divided by 24?
23
Let j = -71 - -109. Suppose -5*r - 22*a + 7*a + 70 = 0, 3*r - 3*a - 18 = 0. Calculate the remainder when j is divided by r.
6
Suppose -29 + 72 = 63*y - 776. What is the remainder when 293 is divided by y?
7
Let p(j) = -2*j + 35. Let m be p(15). Let n be (-150)/45*(-9)/m. Suppose -n*f + 81 = -3*f. What is the remainder when 103 is divided by f?
22
Suppose a - 8 = -0*a. Let z(x) = 61*x + 187. Let j be z(-3). Suppose 27 + 193 = j*d. What is the remainder when d is divided by a?
7
Suppose -10*u - 493 = -26326 + 1463. What is the remainder when u is divided by 53?
52
Suppose 5*b + 161 = 2*p, 4*p - 36 - 273 = -3*b. Calculate the remainder when (280/(-50) - -6)*770 is divided by p.
74
Suppose 0 = -2*j - 9*j - 1089. Let n be 36/20 + -2 + j/5. Let v = 26 + n. Calculate the remainder when 17 is divided by v.
5
Suppose -5489 = -5*l - w, -152*l = -147*l - 4*w - 5469. Calculate the remainder when l is divided by 268.
25
Suppose 240*t - 16*t - 6990 = -9*t. Calculate the remainder when t is divided by -1 + 1*40/2.
11
Let u(x) = -14*x**2 - 76*x + 7. Let h be u(3). Let y = -220 - h. Calculate the remainder when y is divided by 33.
28
Suppose 4*u - 26215 = -7*z + 6682, -2*z = 4*u - 32902. Calculate the remainder when u is divided by 45.
36
Let a = 1514 - 62. Calculate the remainder when a is divided by 28.
24
Let u = -24 + 14. Let m(r) = r**2 + 12*r + 31. Calculate the remainder when 151 is divided by m(u).
8
Suppose -71 = -7*d + 426. Suppose -20 = 2*m + 102. Let g = m + d. Calculate the remainder when 49 is divided by g.
9
Calculate the remainder when 2/(-25) + 161793*(-9)/(-2025) is divided by 45.
44
Suppose 59*c = 56*c - 402. Let r = 170 + c. What is the remainder when 142 is divided by r?
34
Suppose 0 = 20*h - 1998 - 7662. Calculate the remainder when h is divided by 73.
45
Suppose 454*p + 38 = 456*p - u, 5*p = -u + 81. What is the remainder when 134 is divided by p?
15
What is the remainder when 547 is divided by ((-1025)/(-2460))/(5/4) + 5/3?
1
Let p(v) = 2*v**3 + 3*v**2 - v - 2. Let u be (-4)/(-8)*-2 - -3. Calculate the remainder when (-31)/((-16 + 12)/12) is divided by p(u).
21
Let u(o) = 4*o + 1. Let w be u(0). Let k be 6/(-2) + (-5 + 42)/w. Suppose 30*c = k*c - 148. Calculate the remainder when c is divided by 13.
11
Suppose 5*t = -394 - 26. Let k = t - -105. Calculate the remainder when (-2*6)/(k/(-14)) is divided by 6.
2
Let u(z) = -13*z - 8. Suppose 37*i - 26*i = 6985. Let l = i + -616. Calculate the remainder when u(-6) is divided by l.
13
Suppose 7360 = 2*a + 30*a. What is the remainder when a is divided by 113?
4
Suppose -3*f - 3 = 0, -97 = -b - 3*f + 257. Calculate the remainder when b is divided by 198.
159
What is the remainder when (58 + 0)*(-102)/(-204) + -7 is divided by 15?
7
Suppose 23*s = -2*f + 19*s + 88, 4*s + 28 = 0. Calculate the remainder when 815 is divided by f.
3
Suppose 515 = -37*o + 2032. Let k(b) = -b**2 - 3*b**3 + 2*b**3 - 2*b**3 - b. Calculate the remainder when o is divided by k(-2).
19
Suppose m + 28 - 52 = -h, 5*m + 3*h - 116 = 0. Calculate the remainder when m is divided by 0 + (2 - 0) + 0.
0
Suppose 5*j - 4 = 4*j. Suppose q - 4*u = 7 + 2, -2*u = j*q - 18. Suppose 5*c - 3*b - 8 = 0, 4*b = -0*c + q*c - 4. What is the remainder when 6 is divided by c?
2
Let y(d) = 5*d**2 + 2*d**2 + 4*d**3 - 3 - 9 - 3*d**3 - 10*d. Let r be y(-8). What is the remainder when r/10 - ((-279)/15 - -5) is divided by 7?
0
Let d = -16 + 27. Let y(h) = 4*h**2 + 86*h + 369. What is the remainder when y(-5) is divided by d?
6
Suppose -7*a = -a - 18. Suppose a*f + 232 = h, 0 = 10*h - 12*h - f + 492. Calculate the remainder when h is divided by 49.
48
Suppose -315*o + 4460 + 4045 = 0. Let b be -1 - (-3 + 4)*-5. Suppose b*w = -v + 24, -w + v = -2*w + 3. Calculate the remainder when o is divided by w.
6
Calculate the remainder when 3079 is divided by (-262 - -338) + 95/35 + 2/7.
77
Let h = 16 - 14. Suppose -4*b = -h*k - 1606, 4*b - 1898 + 297 = -3*k. What is the remainder when b is divided by 27?
23
Suppose 35*c = 33*c + 24. Let r = -1090 - -1099. Calculate the remainder when c is divided by r.
3
Let z(c) = -c**2 + 1. Let l(s) = 7*s**2 - 6. Let u(h) = l(h) + 5*z(h). Calculate the remainder when -4 + 1515/12 + 25/(-20) is divided by u(-4).
28
Let q = -7 - -8. Suppose 0 = -5*n - p + 27 + 14, 0 = 5*n - p - 39. What is the remainder when 47*q - 12/12 is divided by n?
6
Let c = -11745 - -11803. What is the remainder when 100 is divided by c?
42
Suppose -m = 3*a - 1173, -101*a + 106*a = 5*m + 1975. What is the remainder when a is divided by 11?
7
Suppose -z - 2*v = -3*v - 122, -4*z + 513 = v. Let u = z - 118. What is the remainder when 2/(-2 - 72/(-34)) is divided by u?
8
Suppose -9*h - 48 = -10*h. Suppose w + 7*w = h. Suppose 30 + 102 = w*g. What is the remainder when 41 is divided by g?
19
Let c = 58702 + -58648. Let r be -2*(50/4 - -2). Let w = 48 + r. Calculate the remainder when c is divided by w.
16
Let a(j) = 2*j**3 - 38*j**2 + 112*j - 191. Let i(r) = 76*r + 7. What is the remainder when i(5) is divided by a(16)?
62
Let o = 313 + -215. Let i(p) = 4102*p - 24561. What is the remainder when o is divided by i(6)?
47
Suppose -13*a = -16*a + 66. What is the remainder when a is divided by 12*(76/57 - 4/6)?
6
Suppose 4*z = r - 5, -2*r - 2*z = -3*z - 3. What is the remainder when (r*-1)/(402/(-57) - -7) is divided by 15?
4
Let m = -97 - -87. Let u = 4 + 14. What is the remainder when (-30)/(-30) + (-34)/4*m is divided by u?
14
Let f(u) = -u**3 - u**2 + 6*u - 1. Suppose 2*v - 177 = 137*d - 142*d, -5*v + 334 = -3*d. What is the remainder when f(-6) is divided by v?
1
Let y be 24/20*15*1/2. Let r(a) be the first derivative of a**3/3 - 5*a**2/2 + 11*a + 19. What is the remainder when r(y) is divided by 8?
7
Let l = 34747 + -34681. Calculate the remainder when 1005 is divided by l.
15
Let h = -4525 - -4579. Calculate the remainder when h is divided by 23.
8
Let b = -8771 - -9318. What is the remainder when b is divided by 64?
35
Calculate the remainder when ((-2208)/(-644))/((-4)/(-105)) is divided by 16.
10
Suppose 70110 = 14434*o - 14396*o. Calculate the remainder when o is divided by 37.
32
Suppose -3*l + 29 = -4*m, 110 = 6*l + 4*m - 32. What is the remainder when 870 is divided by l?
15
Let s = 4630 - 4538. Calculate the remainder when 2299 is divided by s.
91
Let k = 13 - 7. Suppose 0 = -2*c + s + 3, -k*c + 3*c + 4*s = 3. Suppose 0 = -x + c*x - 14. What is the remainder when 10 is divided by x?
3
Suppose 37*i - 208791 = -134*i. Calculate the remainder when i is divided by 7.
3
Let q = 156 - 158. Calculate the remainder when (-3 - 6)/(((-6)/(-15))/q) is divided by 28.
17
Let i be (-25)/5 + (-3 - 0). What is the remainder when 335 is divided by i/(-10)*(-4 - 8*-3)?
15
Suppose -51*f = -4*a - 55*f + 196, -2*f - 220 = -4*a. Calculate the remainder when (14/(-4))/((-11)/550) is divided by a.
16
Let s = -10889 - -10977. What is the remainder when 1685 is divided by s?
13
Suppose -13 = -p - 18*n + 19*n, -33 = -3*p - 3*n. Calculate the remainder when 115 is divided by p.
7
Suppose -4*k + 205 = 2*s - 3*k, -k = -5. Suppose 5*b = s + 5. Suppose 55*w + 280 = 58*w + 4*a, 5*a = -5*w + 480. Calculate the 